s of 927076184?
2, 2731, 42433
What are the prime factors of 410990112?
2, 3, 13, 12197
What are the prime factors of 43929834?
2, 3, 13, 109, 5167
List the prime factors of 43316467.
1201, 36067
List the prime factors of 144763977.
3, 379, 127321
List the prime factors of 61482581.
29, 431, 4919
List the prime factors of 106328662.
2, 11, 41, 117881
What are the prime factors of 816170008?
2, 102021251
List the prime factors of 219985653.
3, 109, 463, 1453
List the prime factors of 5191417159.
5191417159
What are the prime factors of 108043652?
2, 19, 1421627
List the prime factors of 5287542241.
157, 33678613
List the prime factors of 813496173.
3, 7, 521, 74353
List the prime factors of 2929094947.
52267, 56041
List the prime factors of 117576817.
29, 1181, 3433
List the prime factors of 91386008.
2, 7, 43, 37951
List the prime factors of 1800893854.
2, 3727, 241601
What are the prime factors of 470885798?
2, 235442899
List the prime factors of 2421600029.
6691, 361919
List the prime factors of 748349949.
3, 249449983
What are the prime factors of 256886266?
2, 7, 13, 281, 5023
List the prime factors of 125413418.
2, 13, 103, 46831
List the prime factors of 146243133.
3, 19, 601, 1423
What are the prime factors of 48785177?
7, 43, 61, 2657
What are the prime factors of 62361360?
2, 3, 5, 28871
List the prime factors of 286435541.
7, 109, 375407
List the prime factors of 1383893702.
2, 61, 107, 106013
What are the prime factors of 11755678?
2, 11, 131, 4079
List the prime factors of 249044253.
3, 23, 3609337
What are the prime factors of 897553651?
5923, 151537
List the prime factors of 11861904.
2, 3, 37, 6679
What are the prime factors of 5150658572?
2, 17, 107, 41641
List the prime factors of 2421550369.
7, 345935767
What are the prime factors of 34532848?
2, 7, 17, 2591
List the prime factors of 82026362.
2, 11, 3728471
What are the prime factors of 1850008721?
11, 168182611
What are the prime factors of 4129707772?
2, 16633, 62071
List the prime factors of 2343037967.
2343037967
What are the prime factors of 1048888744?
2, 131111093
List the prime factors of 49449870.
2, 3, 5, 549443
List the prime factors of 940530548.
2, 235132637
What are the prime factors of 33230955?
3, 5, 29, 79, 967
What are the prime factors of 46044144?
2, 3, 19, 16829
List the prime factors of 1223458262.
2, 13, 139, 26041
What are the prime factors of 6324185?
5, 7, 83, 311
What are the prime factors of 867408709?
10259, 84551
List the prime factors of 405179877.
3, 6803, 19853
What are the prime factors of 240843382?
2, 13, 9263207
What are the prime factors of 5909001360?
2, 3, 5, 509, 48371
What are the prime factors of 318465702?
2, 3, 47, 179, 701
What are the prime factors of 78163621?
78163621
List the prime factors of 515551327.
515551327
List the prime factors of 89824464.
2, 3, 17, 151
List the prime factors of 85411537.
85411537
What are the prime factors of 295720357?
295720357
List the prime factors of 1078180428.
2, 3, 13, 6911413
What are the prime factors of 609964757?
53, 11508769
List the prime factors of 52867950.
2, 3, 5, 47, 7499
What are the prime factors of 38237861?
19, 2012519
List the prime factors of 15202255.
5, 53, 57367
What are the prime factors of 135537279?
3, 19, 2377847
List the prime factors of 819507231.
3, 91056359
List the prime factors of 1744038182.
2, 73, 11945467
What are the prime factors of 285090728?
2, 13, 2741257
What are the prime factors of 2617766929?
59, 197, 225223
What are the prime factors of 11055022?
2, 11, 502501
What are the prime factors of 1223427134?
2, 17, 35983151
What are the prime factors of 488637394?
2, 7, 101, 345571
What are the prime factors of 8254809046?
2, 11, 19, 41, 481667
What are the prime factors of 58217157?
3, 463, 4657
List the prime factors of 181605643.
107, 1229, 1381
What are the prime factors of 413871573?
3, 137957191
List the prime factors of 527303634.
2, 3, 11, 13, 353, 1741
What are the prime factors of 1914741450?
2, 3, 5, 17, 83431
What are the prime factors of 53246415?
3, 5, 557, 6373
List the prime factors of 5294417356.
2, 1303, 1015813
What are the prime factors of 690735997?
7, 3461, 4073
What are the prime factors of 335653313?
43, 7805891
What are the prime factors of 16431112?
2, 17, 120817
What are the prime factors of 10796877?
3, 7, 13, 13183
What are the prime factors of 92456758?
2, 241, 433, 443
What are the prime factors of 4368700721?
7, 11, 56736373
What are the prime factors of 34165830?
2, 3, 5, 223, 5107
List the prime factors of 1536509290.
2, 5, 19, 8086891
List the prime factors of 1344154522.
2, 672077261
List the prime factors of 4686888538.
2, 17203, 136223
List the prime factors of 1591059449.
7, 19, 1708979
What are the prime factors of 1521860265?
3, 5, 139, 81101
What are the prime factors of 87449610?
2, 3, 5, 47, 109, 569
What are the prime factors of 64676156?
2, 16169039
What are the prime factors of 58766186?
2, 29383093
What are the prime factors of 4977190052?
2, 283, 4396811
What are the prime factors of 2866978765?
5, 7, 81913679
List the prime factors of 2184412911.
3, 728137637
What are the prime factors of 598694895?
3, 5, 164251
What are the prime factors of 11507808?
2, 3, 13, 9221
List the prime factors of 28310168.
2, 17, 43, 47, 103
What are the prime factors of 174088333?
174088333
What are the prime factors of 646365824?
2, 13, 71, 5471
List the prime factors of 8074489644.
2, 3, 13, 47, 122363
List the prime factors of 753285546.
2, 3, 13, 151, 21319
What are the prime factors of 3313924845?
3, 5, 7, 11, 2869199
List the prime factors of 1568257001.
23, 389, 7621
What are the prime factors of 93721218?
2, 3, 257, 60779
What are the prime factors of 227483103?
3, 17, 4460453
List the prime factors of 379311671.
379311671
What are the prime factors of 23241665?
5, 4648333
List the prime factors of 5672382123.
3, 1890794041
What are the prime factors of 54868654?
2, 101, 149, 1823
What are the prime factors of 6681380683?
6681380683
What are the prime factors of 2884537270?
2, 5, 79, 181, 20173
What are the prime factors of 5684448820?
2, 5, 269, 1056589
What are the prime factors of 1038003414?
2, 3, 7, 229, 107923
What are the prime factors of 108322870?
2, 5, 23, 151, 3119
List the prime factors of 176325563.
61, 2890583
List the prime factors of 426501082.
2, 7, 1723, 17681
List the prime factors of 137380945.
5, 13, 367, 443
List the prime factors of 136320397.
103, 1323499
List the prime factors of 13127690.
2, 5, 1312769
What are the prime factors of 3274785910?
2, 5, 11, 29770781
List the prime factors of 201208588.
2, 7, 353, 20357
List the prime factors of 114164601.
3, 3539, 10753
What are the prime factors of 73454987?
73454987
What are the prime factors of 3865743373?
17, 47, 311, 331
What are the prime factors of 66428493?
3, 79, 127, 2207
List the prime factors of 735197045.
5, 11, 17, 786307
What are the prime factors of 62545023?
3, 17, 421, 971
List the prime factors of 2312386388.
2, 13, 41, 1084609
List the prime factors of 58309497.
3, 67, 32233
List the prime factors of 1702423772.
2, 7, 29, 79, 26539
What are the prime factors of 6035696529?
3, 2011898843
List the prime factors of 38197360.
2, 5, 367, 1301
List the prime factors of 85287434.
2, 29, 281, 5233
List the prime factors of 37430815.
5, 7486163
List the prime factors of 291138675.
3, 5, 3881849
List the prime factors of 3726009684.
2, 3, 43, 2406983
List the prime factors of 6598279.
6598279
What are the prime factors of 3462575?
5, 43, 3221
What are the prime factors of 27963897?
3, 13, 37, 19379
List the prime factors of 1954725844.
2, 277, 1764193
List the prime factors of 156699985.
5, 13, 101, 23869
What are the prime factors of 25959872?
2, 29, 71, 197
List the prime factors of 114610178.
2, 257, 222977
List the prime factors of 39711636.
2, 3, 1103101
What are the prime factors of 71750088?
2, 3, 996529
List the prime factors of 146717009.
107, 1371187
List the prime factors of 192144690.
2, 3, 5, 547, 1301
What are the prime factors of 117034866?
2, 3, 13, 79, 487
What are the prime factors of 96908442?
2, 3, 829, 19483
List the prime factors of 540666992.
2, 53, 727, 877
List the prime factors of 526056923.
7, 113, 665053
L